{"id":19396,"date":"2022-06-02T10:47:28","date_gmt":"2022-06-02T15:47:28","guid":{"rendered":"https:\/\/soul-ha.com\/?post_type=product&#038;p=19396"},"modified":"2022-07-06T22:53:22","modified_gmt":"2022-07-07T03:53:22","slug":"luis-manuel-garibay","status":"publish","type":"product","link":"https:\/\/soul-ha.com\/index.php\/producto\/luis-manuel-garibay\/","title":{"rendered":"Luis Manuel Garibay"},"content":{"rendered":"<p>Soy licenciado en Ciencias de la Familia por la Universidad An\u00e1huac; cuento con la Maestr\u00eda en Terapia Familiar por el Instituto Latinoamericano de Estudios de la Familia (ILEF); con Diplomados en Atenci\u00f3n a la Violencia Familiar y de G\u00e9nero, por parte del ILEF; y en Mediaci\u00f3n de Conflictos, por parte del Instituto de Investigaciones y Estudios para la Paz de la Universidad Panamericana (UP).<\/p>\n<p>Cuento con m\u00e1s de 12 a\u00f1os de experiencia como Psicoterapeuta sist\u00e9mico, atendiendo familias, parejas e individuos.<\/p>\n<p>Adem\u00e1s, soy docente de la UP, la Anahuac y el ILEF; he formado parte de los Grupos de Investigaci\u00f3n Cl\u00ednica del ILEF, coordinando grupos terap\u00e9uticos a hombres generadores de violencia, y asistiendo casos familiares en situaci\u00f3n de violencia, abuso sexual e incesto, del 2010 al 2017.<\/p>\n","protected":false},"excerpt":{"rendered":"<p>Soy licenciado en Ciencias de la Familia por la Universidad An\u00e1huac; cuento con la Maestr\u00eda en Terapia Familiar por el&#8230;<\/p>\n","protected":false},"featured_media":19397,"comment_status":"open","ping_status":"closed","template":"","meta":{"om_disable_all_campaigns":false,"_monsterinsights_skip_tracking":false,"_monsterinsights_sitenote_active":false,"_monsterinsights_sitenote_note":"","_monsterinsights_sitenote_category":0},"product_brand":[],"product_cat":[124],"product_tag":[],"class_list":{"0":"post-19396","1":"product","2":"type-product","3":"status-publish","4":"has-post-thumbnail","6":"product_cat-terapeutas","7":"post","9":"first","10":"instock","11":"taxable","12":"shipping-taxable","13":"product-type-simple"},"aioseo_notices":[],"_links":{"self":[{"href":"https:\/\/soul-ha.com\/index.php\/wp-json\/wp\/v2\/product\/19396","targetHints":{"allow":["GET"]}}],"collection":[{"href":"https:\/\/soul-ha.com\/index.php\/wp-json\/wp\/v2\/product"}],"about":[{"href":"https:\/\/soul-ha.com\/index.php\/wp-json\/wp\/v2\/types\/product"}],"replies":[{"embeddable":true,"href":"https:\/\/soul-ha.com\/index.php\/wp-json\/wp\/v2\/comments?post=19396"}],"wp:featuredmedia":[{"embeddable":true,"href":"https:\/\/soul-ha.com\/index.php\/wp-json\/wp\/v2\/media\/19397"}],"wp:attachment":[{"href":"https:\/\/soul-ha.com\/index.php\/wp-json\/wp\/v2\/media?parent=19396"}],"wp:term":[{"taxonomy":"product_brand","embeddable":true,"href":"https:\/\/soul-ha.com\/index.php\/wp-json\/wp\/v2\/product_brand?post=19396"},{"taxonomy":"product_cat","embeddable":true,"href":"https:\/\/soul-ha.com\/index.php\/wp-json\/wp\/v2\/product_cat?post=19396"},{"taxonomy":"product_tag","embeddable":true,"href":"https:\/\/soul-ha.com\/index.php\/wp-json\/wp\/v2\/product_tag?post=19396"}],"curies":[{"name":"wp","href":"https:\/\/api.w.org\/{rel}","templated":true}]}}