{"id":19385,"date":"2022-06-02T09:58:36","date_gmt":"2022-06-02T14:58:36","guid":{"rendered":"https:\/\/soul-ha.com\/?post_type=product&#038;p=19385"},"modified":"2022-06-28T17:43:11","modified_gmt":"2022-06-28T22:43:11","slug":"19385","status":"publish","type":"product","link":"https:\/\/soul-ha.com\/index.php\/producto\/19385\/","title":{"rendered":"Susana Mart\u00ednez"},"content":{"rendered":"","protected":false},"excerpt":{"rendered":"<p>Soy Psic\u00f3loga\u00a0 por la Universidad de Panam\u00e1 en donde tambi\u00e9n obtuve el Postgrado en Docencia Superior, cuento con \u00a0la Maestr\u00eda en terapia Cognitivo Conductual\u00a0 por el Instituto de Terapia Cognitivo Conductual en la Ciudad de M\u00e9xico.<\/p>\n<p>Me he formado en:<\/p>\n<ul>\n<li>Entrenamiento B\u00e1sico en EMDR para el tratamiento de traumas psicol\u00f3gicos.<\/li>\n<li>Entrenamiento en el Primary, Advanced y Academic Fellowship Certificate en la Terapia Racional Emotivo Conductual (TREC) del Instituto de Albert Ellis.<\/li>\n<li>Curso de especializaci\u00f3n en Terapias Contextuales por parte de MICPSY e \u00a0ITECOC.<\/li>\n<li>Curso-Taller de Grupo desde la TREC en el Instituto de Terapia Cognitivo Conductual en la Ciudad de M\u00e9xico.<\/li>\n<li>Taller en Terapia Cognitivo Conductual y Activaci\u00f3n Conductual en depresi\u00f3n.<\/li>\n<li>Tanatolog\u00eda desde la perspectiva cognitiva conductual.<\/li>\n<\/ul>\n<p>Con m\u00e1s de 15 a\u00f1os de experiencia como psic\u00f3loga, abordo principalmente los temas de ansiedad y depresi\u00f3n en adultos.<\/p>\n<p>He participado como expositora en las Primeras Jornadas Nacionales en Terapia Cognitivo Conductual (Veracruz); Universidad de Panam\u00e1; Universidad Latina (Panam\u00e1); Instituto de Capacitaci\u00f3n en Estudios Especializados en Psicolog\u00eda A.C.(Veracruz).\u00a0 Asimismo he sido docente\u00a0 en diplomados y cursos acad\u00e9micos.<\/p>\n","protected":false},"featured_media":19957,"comment_status":"open","ping_status":"closed","template":"","meta":{"om_disable_all_campaigns":false,"_monsterinsights_skip_tracking":false,"_monsterinsights_sitenote_active":false,"_monsterinsights_sitenote_note":"","_monsterinsights_sitenote_category":0},"product_brand":[],"product_cat":[124],"product_tag":[],"class_list":{"0":"post-19385","1":"product","2":"type-product","3":"status-publish","4":"has-post-thumbnail","6":"product_cat-terapeutas","7":"post","9":"first","10":"instock","11":"taxable","12":"shipping-taxable","13":"product-type-simple"},"aioseo_notices":[],"_links":{"self":[{"href":"https:\/\/soul-ha.com\/index.php\/wp-json\/wp\/v2\/product\/19385","targetHints":{"allow":["GET"]}}],"collection":[{"href":"https:\/\/soul-ha.com\/index.php\/wp-json\/wp\/v2\/product"}],"about":[{"href":"https:\/\/soul-ha.com\/index.php\/wp-json\/wp\/v2\/types\/product"}],"replies":[{"embeddable":true,"href":"https:\/\/soul-ha.com\/index.php\/wp-json\/wp\/v2\/comments?post=19385"}],"wp:featuredmedia":[{"embeddable":true,"href":"https:\/\/soul-ha.com\/index.php\/wp-json\/wp\/v2\/media\/19957"}],"wp:attachment":[{"href":"https:\/\/soul-ha.com\/index.php\/wp-json\/wp\/v2\/media?parent=19385"}],"wp:term":[{"taxonomy":"product_brand","embeddable":true,"href":"https:\/\/soul-ha.com\/index.php\/wp-json\/wp\/v2\/product_brand?post=19385"},{"taxonomy":"product_cat","embeddable":true,"href":"https:\/\/soul-ha.com\/index.php\/wp-json\/wp\/v2\/product_cat?post=19385"},{"taxonomy":"product_tag","embeddable":true,"href":"https:\/\/soul-ha.com\/index.php\/wp-json\/wp\/v2\/product_tag?post=19385"}],"curies":[{"name":"wp","href":"https:\/\/api.w.org\/{rel}","templated":true}]}}