{"id":14078,"date":"2022-03-02T19:50:33","date_gmt":"2022-03-03T01:50:33","guid":{"rendered":"https:\/\/soul-ha.com\/?post_type=product&#038;p=14078"},"modified":"2023-12-13T16:58:38","modified_gmt":"2023-12-13T22:58:38","slug":"luis-garibay-2","status":"publish","type":"product","link":"https:\/\/soul-ha.com\/index.php\/producto\/luis-garibay-2\/","title":{"rendered":"Luis Manuel Garibay"},"content":{"rendered":"<p>[vc_video link=&#8217;https:\/\/www.youtube.com\/watch?v=qduduXRo8QM&#8217;]<\/p>\n","protected":false},"excerpt":{"rendered":"<p>Licenciado en Ciencias de la Familia por la Universidad An\u00e1huac; cuento con la Maestr\u00eda en Terapia Familiar por el Instituto Latinoamericano de Estudios de la Familia (ILEF); con Diplomados en Atenci\u00f3n a la Violencia Familiar y de G\u00e9nero, por parte del ILEF; y en Mediaci\u00f3n de Conflictos, por parte del Instituto de Investigaciones y Estudios para la Paz de la Universidad Panamericana (UP).<\/p>\n<p>&nbsp;<\/p>\n<p>Cuento con m\u00e1s de 12 a\u00f1os de experiencia como Psicoterapeuta sist\u00e9mico, atendiendo familias, parejas e individuos.<\/p>\n<p>&nbsp;<\/p>\n<p>Adem\u00e1s, soy docente\u00a0 de la UP, la An\u00e1huac y el ILEF; he formado parte de los Grupos de Investigaci\u00f3n Cl\u00ednica del ILEF, coordinando grupos terap\u00e9uticos a hombres generadores de violencia, y asistiendo casos familiares en situaci\u00f3n de violencia, abuso sexual e incesto, del 2010 al 2017.<\/p>\n<p>[vc_separator type=&#8217;normal&#8217; position=&#8217;center&#8217; color=&#8221; thickness=&#8221; up=&#8221; down=&#8221;]<\/p>\n<h5><span style=\"color: #0acfa1;\">Algunos de sus temas:<\/span><\/h5>\n<ul>\n<li>Familia<\/li>\n<li>Comunicaci\u00f3n en Familia<\/li>\n<li>Pareja<\/li>\n<\/ul>\n<p>[vc_separator type=&#8217;normal&#8217; position=&#8217;center&#8217; color=&#8221; thickness=&#8221; up=&#8221; down=&#8221;]<\/p>\n<h5><span style=\"color: #0acfa1;\">Idioma: Espa\u00f1ol<\/span><\/h5>\n","protected":false},"featured_media":13831,"comment_status":"open","ping_status":"closed","template":"","meta":{"om_disable_all_campaigns":false,"_monsterinsights_skip_tracking":false,"_monsterinsights_sitenote_active":false,"_monsterinsights_sitenote_note":"","_monsterinsights_sitenote_category":0},"product_brand":[],"product_cat":[93],"product_tag":[],"class_list":{"0":"post-14078","1":"product","2":"type-product","3":"status-publish","4":"has-post-thumbnail","6":"product_cat-conferencistas","7":"post","9":"first","10":"instock","11":"featured","12":"taxable","13":"shipping-taxable","14":"product-type-simple"},"aioseo_notices":[],"_links":{"self":[{"href":"https:\/\/soul-ha.com\/index.php\/wp-json\/wp\/v2\/product\/14078","targetHints":{"allow":["GET"]}}],"collection":[{"href":"https:\/\/soul-ha.com\/index.php\/wp-json\/wp\/v2\/product"}],"about":[{"href":"https:\/\/soul-ha.com\/index.php\/wp-json\/wp\/v2\/types\/product"}],"replies":[{"embeddable":true,"href":"https:\/\/soul-ha.com\/index.php\/wp-json\/wp\/v2\/comments?post=14078"}],"wp:featuredmedia":[{"embeddable":true,"href":"https:\/\/soul-ha.com\/index.php\/wp-json\/wp\/v2\/media\/13831"}],"wp:attachment":[{"href":"https:\/\/soul-ha.com\/index.php\/wp-json\/wp\/v2\/media?parent=14078"}],"wp:term":[{"taxonomy":"product_brand","embeddable":true,"href":"https:\/\/soul-ha.com\/index.php\/wp-json\/wp\/v2\/product_brand?post=14078"},{"taxonomy":"product_cat","embeddable":true,"href":"https:\/\/soul-ha.com\/index.php\/wp-json\/wp\/v2\/product_cat?post=14078"},{"taxonomy":"product_tag","embeddable":true,"href":"https:\/\/soul-ha.com\/index.php\/wp-json\/wp\/v2\/product_tag?post=14078"}],"curies":[{"name":"wp","href":"https:\/\/api.w.org\/{rel}","templated":true}]}}