{"id":43502,"date":"2025-02-06T10:21:05","date_gmt":"2025-02-06T16:21:05","guid":{"rendered":"https:\/\/soul-ha.com\/?page_id=43502"},"modified":"2025-02-06T19:47:25","modified_gmt":"2025-02-07T01:47:25","slug":"nom-035","status":"publish","type":"page","link":"https:\/\/soul-ha.com\/index.php\/nom-035\/","title":{"rendered":"NOM  035"},"content":{"rendered":"\t\t<div data-elementor-type=\"wp-page\" data-elementor-id=\"43502\" class=\"elementor elementor-43502\" data-elementor-post-type=\"page\">\n\t\t\t\t<div class=\"elementor-element elementor-element-1513195 e-con-full e-flex e-con e-parent\" data-id=\"1513195\" data-element_type=\"container\" data-e-type=\"container\">\n\t\t\t\t<div class=\"elementor-element elementor-element-53459d1 elementor-widget elementor-widget-image\" data-id=\"53459d1\" data-element_type=\"widget\" data-e-type=\"widget\" data-widget_type=\"image.default\">\n\t\t\t\t\t\t\t\t\t\t\t\t\t\t\t<img fetchpriority=\"high\" decoding=\"async\" width=\"1920\" height=\"1080\" src=\"https:\/\/soul-ha.com\/wp-content\/uploads\/2025\/02\/PROYECTO-INDIE-ROCKS-NOM-035-2025.jpg\" class=\"attachment-full size-full wp-image-43508\" alt=\"\" srcset=\"https:\/\/soul-ha.com\/wp-content\/uploads\/2025\/02\/PROYECTO-INDIE-ROCKS-NOM-035-2025.jpg 1920w, https:\/\/soul-ha.com\/wp-content\/uploads\/2025\/02\/PROYECTO-INDIE-ROCKS-NOM-035-2025-300x169.jpg 300w, https:\/\/soul-ha.com\/wp-content\/uploads\/2025\/02\/PROYECTO-INDIE-ROCKS-NOM-035-2025-1024x576.jpg 1024w, https:\/\/soul-ha.com\/wp-content\/uploads\/2025\/02\/PROYECTO-INDIE-ROCKS-NOM-035-2025-768x432.jpg 768w, https:\/\/soul-ha.com\/wp-content\/uploads\/2025\/02\/PROYECTO-INDIE-ROCKS-NOM-035-2025-100x56.jpg 100w, https:\/\/soul-ha.com\/wp-content\/uploads\/2025\/02\/PROYECTO-INDIE-ROCKS-NOM-035-2025-1536x864.jpg 1536w, https:\/\/soul-ha.com\/wp-content\/uploads\/2025\/02\/PROYECTO-INDIE-ROCKS-NOM-035-2025-18x10.jpg 18w, https:\/\/soul-ha.com\/wp-content\/uploads\/2025\/02\/PROYECTO-INDIE-ROCKS-NOM-035-2025-700x394.jpg 700w, https:\/\/soul-ha.com\/wp-content\/uploads\/2025\/02\/PROYECTO-INDIE-ROCKS-NOM-035-2025-539x303.jpg 539w, https:\/\/soul-ha.com\/wp-content\/uploads\/2025\/02\/PROYECTO-INDIE-ROCKS-NOM-035-2025-600x338.jpg 600w\" sizes=\"(max-width: 1920px) 100vw, 1920px\" \/>\t\t\t\t\t\t\t\t\t\t\t\t\t\t\t<\/div>\n\t\t\t\t<\/div>\n\t\t<div class=\"elementor-element elementor-element-3aae3d9 e-flex e-con-boxed e-con e-parent\" data-id=\"3aae3d9\" data-element_type=\"container\" data-e-type=\"container\">\n\t\t\t\t\t<div class=\"e-con-inner\">\n\t\t\t\t<div class=\"elementor-element elementor-element-d14650c elementor-widget-divider--view-line elementor-widget elementor-widget-divider\" data-id=\"d14650c\" data-element_type=\"widget\" data-e-type=\"widget\" data-widget_type=\"divider.default\">\n\t\t\t\t\t\t\t<div class=\"elementor-divider\">\n\t\t\t<span class=\"elementor-divider-separator\">\n\t\t\t\t\t\t<\/span>\n\t\t<\/div>\n\t\t\t\t\t\t<\/div>\n\t\t\t\t\t<\/div>\n\t\t\t\t<\/div>\n\t\t<div class=\"elementor-element elementor-element-ac4af47 e-flex e-con-boxed e-con e-parent\" data-id=\"ac4af47\" data-element_type=\"container\" data-e-type=\"container\">\n\t\t\t\t\t<div class=\"e-con-inner\">\n\t\t\t\t<div class=\"elementor-element elementor-element-a97b49f elementor-widget elementor-widget-heading\" data-id=\"a97b49f\" data-element_type=\"widget\" data-e-type=\"widget\" data-widget_type=\"heading.default\">\n\t\t\t\t\t<h2 class=\"elementor-heading-title elementor-size-default\">I. Etapa Comunicaci\u00f3n <\/h2>\t\t\t\t<\/div>\n\t\t\t\t\t<\/div>\n\t\t\t\t<\/div>\n\t\t<div class=\"elementor-element elementor-element-e549f32 e-flex e-con-boxed e-con e-parent\" data-id=\"e549f32\" data-element_type=\"container\" data-e-type=\"container\">\n\t\t\t\t\t<div class=\"e-con-inner\">\n\t\t<div class=\"elementor-element elementor-element-1fe9279 e-con-full e-flex e-con e-child\" data-id=\"1fe9279\" data-element_type=\"container\" data-e-type=\"container\">\n\t\t\t\t<div class=\"elementor-element elementor-element-d7e205c elementor-widget elementor-widget-image\" data-id=\"d7e205c\" data-element_type=\"widget\" data-e-type=\"widget\" data-widget_type=\"image.default\">\n\t\t\t\t\t\t\t\t\t\t\t\t\t\t\t<img decoding=\"async\" width=\"1024\" height=\"576\" src=\"https:\/\/soul-ha.com\/wp-content\/uploads\/2025\/02\/PROYECTO-INDIE-ROCKS-NOM-035-2025-1-1024x576.jpg\" class=\"attachment-large size-large wp-image-43521\" alt=\"\" srcset=\"https:\/\/soul-ha.com\/wp-content\/uploads\/2025\/02\/PROYECTO-INDIE-ROCKS-NOM-035-2025-1-1024x576.jpg 1024w, https:\/\/soul-ha.com\/wp-content\/uploads\/2025\/02\/PROYECTO-INDIE-ROCKS-NOM-035-2025-1-300x169.jpg 300w, https:\/\/soul-ha.com\/wp-content\/uploads\/2025\/02\/PROYECTO-INDIE-ROCKS-NOM-035-2025-1-768x432.jpg 768w, https:\/\/soul-ha.com\/wp-content\/uploads\/2025\/02\/PROYECTO-INDIE-ROCKS-NOM-035-2025-1-100x56.jpg 100w, https:\/\/soul-ha.com\/wp-content\/uploads\/2025\/02\/PROYECTO-INDIE-ROCKS-NOM-035-2025-1-1536x864.jpg 1536w, https:\/\/soul-ha.com\/wp-content\/uploads\/2025\/02\/PROYECTO-INDIE-ROCKS-NOM-035-2025-1-18x10.jpg 18w, https:\/\/soul-ha.com\/wp-content\/uploads\/2025\/02\/PROYECTO-INDIE-ROCKS-NOM-035-2025-1-700x394.jpg 700w, https:\/\/soul-ha.com\/wp-content\/uploads\/2025\/02\/PROYECTO-INDIE-ROCKS-NOM-035-2025-1-539x303.jpg 539w, https:\/\/soul-ha.com\/wp-content\/uploads\/2025\/02\/PROYECTO-INDIE-ROCKS-NOM-035-2025-1-600x338.jpg 600w, https:\/\/soul-ha.com\/wp-content\/uploads\/2025\/02\/PROYECTO-INDIE-ROCKS-NOM-035-2025-1.jpg 1920w\" sizes=\"(max-width: 1024px) 100vw, 1024px\" \/>\t\t\t\t\t\t\t\t\t\t\t\t\t\t\t<\/div>\n\t\t\t\t<\/div>\n\t\t<div class=\"elementor-element elementor-element-8afb18e e-con-full e-flex e-con e-child\" data-id=\"8afb18e\" data-element_type=\"container\" data-e-type=\"container\">\n\t\t\t\t<div class=\"elementor-element elementor-element-0b33647 elementor-widget elementor-widget-text-editor\" data-id=\"0b33647\" data-element_type=\"widget\" data-e-type=\"widget\" data-widget_type=\"text-editor.default\">\n\t\t\t\t\t\t\t\t\t<p>\u00a0<\/p><ul><li><strong><span class=\"OYPEnA font-feature-liga-off font-feature-clig-off font-feature-calt-off text-decoration-none text-strikethrough-none\">Campa\u00f1a de comunicaci\u00f3n pre y post aplicaci\u00f3n, con el acompa\u00f1amiento de un account manager.<\/span><\/strong><\/li><\/ul><p><strong><span class=\"OYPEnA font-feature-liga-off font-feature-clig-off font-feature-calt-off text-decoration-none text-strikethrough-none\">\u00a0<\/span><\/strong><\/p><ul><li><strong><span class=\"OYPEnA font-feature-liga-off font-feature-clig-off font-feature-calt-off text-decoration-none text-strikethrough-none\">Sesi\u00f3n de capacitaci\u00f3n con directores y lideres de RH<\/span><\/strong><\/li><\/ul><p>\u00a0<\/p><ul><li style=\"list-style-type: none;\"><ul><li style=\"list-style-type: none;\"><ul><li><strong><span class=\"OYPEnA font-feature-liga-off font-feature-clig-off font-feature-calt-off text-decoration-none text-strikethrough-none\">Introducci\u00f3n, pol\u00edticas, quejas, denuncias, estrategias y cuestionarios, m\u00e1s all\u00e1 de solo cumplir.<\/span><\/strong><\/li><\/ul><\/li><\/ul><\/li><\/ul><p>\u00a0<\/p><ul><li style=\"list-style-type: none;\"><ul><li style=\"list-style-type: none;\"><ul><li><strong><span class=\"OYPEnA font-feature-liga-off font-feature-clig-off font-feature-calt-off text-decoration-none text-strikethrough-none\">Elaboraci\u00f3n de la pol\u00edtica de prevenci\u00f3n de riesgos.<\/span><\/strong><\/li><\/ul><\/li><\/ul><\/li><\/ul>\t\t\t\t\t\t\t\t<\/div>\n\t\t\t\t<\/div>\n\t\t\t\t\t<\/div>\n\t\t\t\t<\/div>\n\t\t<div class=\"elementor-element elementor-element-431b367 e-flex e-con-boxed e-con e-parent\" data-id=\"431b367\" data-element_type=\"container\" data-e-type=\"container\">\n\t\t\t\t\t<div class=\"e-con-inner\">\n\t\t\t\t<div class=\"elementor-element elementor-element-b290781 elementor-widget elementor-widget-spacer\" data-id=\"b290781\" data-element_type=\"widget\" data-e-type=\"widget\" data-widget_type=\"spacer.default\">\n\t\t\t\t\t\t\t<div class=\"elementor-spacer\">\n\t\t\t<div class=\"elementor-spacer-inner\"><\/div>\n\t\t<\/div>\n\t\t\t\t\t\t<\/div>\n\t\t\t\t\t<\/div>\n\t\t\t\t<\/div>\n\t\t<div class=\"elementor-element elementor-element-7f6e73f e-flex e-con-boxed e-con e-parent\" data-id=\"7f6e73f\" data-element_type=\"container\" data-e-type=\"container\">\n\t\t\t\t\t<div class=\"e-con-inner\">\n\t\t\t\t<div class=\"elementor-element elementor-element-2e25491 elementor-widget elementor-widget-heading\" data-id=\"2e25491\" data-element_type=\"widget\" data-e-type=\"widget\" data-widget_type=\"heading.default\">\n\t\t\t\t\t<h2 class=\"elementor-heading-title elementor-size-default\">II. Etapa  Aplicaci\u00f3n<\/h2>\t\t\t\t<\/div>\n\t\t\t\t\t<\/div>\n\t\t\t\t<\/div>\n\t\t<div class=\"elementor-element elementor-element-1fb5d8a e-flex e-con-boxed e-con e-parent\" data-id=\"1fb5d8a\" data-element_type=\"container\" data-e-type=\"container\">\n\t\t\t\t\t<div class=\"e-con-inner\">\n\t\t<div class=\"elementor-element elementor-element-b845d02 e-con-full e-flex e-con e-child\" data-id=\"b845d02\" data-element_type=\"container\" data-e-type=\"container\">\n\t\t\t\t<div class=\"elementor-element elementor-element-53e611f elementor-widget elementor-widget-text-editor\" data-id=\"53e611f\" data-element_type=\"widget\" data-e-type=\"widget\" data-widget_type=\"text-editor.default\">\n\t\t\t\t\t\t\t\t\t<p>\u00a0<\/p><p>\u00a0<\/p><p><strong>\u00a0<\/strong><\/p><ul><li><strong><span class=\"OYPEnA font-feature-liga-off font-feature-clig-off font-feature-calt-off text-decoration-none text-strikethrough-none\">Sesi\u00f3n con colaboradores para resolver dudas e iniciar la aplicaci\u00f3n del cuestionario.<\/span><\/strong><\/li><\/ul><p>\u00a0<\/p><ul><li><strong><span class=\"OYPEnA font-feature-liga-off font-feature-clig-off font-feature-calt-off text-decoration-none text-strikethrough-none\">Aplicaci\u00f3n de la gu\u00eda de referencia de acuerdo al n\u00famero de colaboradores v\u00eda electr\u00f3nica.<\/span><\/strong><\/li><\/ul><p>\u00a0<\/p><ul><li><strong><span class=\"OYPEnA font-feature-liga-off font-feature-clig-off font-feature-calt-off text-decoration-none text-strikethrough-none\">Seguimiento con Customer Success para alcanzar el 100% de la poblaci\u00f3n.<\/span><\/strong><\/li><\/ul><p>\u00a0<\/p><ul><li><strong><span class=\"OYPEnA font-feature-liga-off font-feature-clig-off font-feature-calt-off text-decoration-none text-strikethrough-none\">Asistencia v\u00eda WhatsApp, llamada o correo para resolver dudas<\/span><\/strong><\/li><\/ul>\t\t\t\t\t\t\t\t<\/div>\n\t\t\t\t<\/div>\n\t\t<div class=\"elementor-element elementor-element-3e66e33 e-con-full e-flex e-con e-child\" data-id=\"3e66e33\" data-element_type=\"container\" data-e-type=\"container\">\n\t\t\t\t<div class=\"elementor-element elementor-element-c8c443b elementor-widget elementor-widget-image\" data-id=\"c8c443b\" data-element_type=\"widget\" data-e-type=\"widget\" data-widget_type=\"image.default\">\n\t\t\t\t\t\t\t\t\t\t\t\t\t\t\t<img decoding=\"async\" width=\"1024\" height=\"677\" src=\"https:\/\/soul-ha.com\/wp-content\/uploads\/2025\/02\/PROYECTO-INDIE-ROCKS-NOM-035-2025-2-e1738872875494-1024x677.jpg\" class=\"attachment-large size-large wp-image-43527\" alt=\"\" srcset=\"https:\/\/soul-ha.com\/wp-content\/uploads\/2025\/02\/PROYECTO-INDIE-ROCKS-NOM-035-2025-2-e1738872875494-1024x677.jpg 1024w, https:\/\/soul-ha.com\/wp-content\/uploads\/2025\/02\/PROYECTO-INDIE-ROCKS-NOM-035-2025-2-e1738872875494-300x198.jpg 300w, https:\/\/soul-ha.com\/wp-content\/uploads\/2025\/02\/PROYECTO-INDIE-ROCKS-NOM-035-2025-2-e1738872875494-768x508.jpg 768w, https:\/\/soul-ha.com\/wp-content\/uploads\/2025\/02\/PROYECTO-INDIE-ROCKS-NOM-035-2025-2-e1738872875494-100x66.jpg 100w, https:\/\/soul-ha.com\/wp-content\/uploads\/2025\/02\/PROYECTO-INDIE-ROCKS-NOM-035-2025-2-e1738872875494-18x12.jpg 18w, https:\/\/soul-ha.com\/wp-content\/uploads\/2025\/02\/PROYECTO-INDIE-ROCKS-NOM-035-2025-2-e1738872875494-700x463.jpg 700w, https:\/\/soul-ha.com\/wp-content\/uploads\/2025\/02\/PROYECTO-INDIE-ROCKS-NOM-035-2025-2-e1738872875494-600x397.jpg 600w, https:\/\/soul-ha.com\/wp-content\/uploads\/2025\/02\/PROYECTO-INDIE-ROCKS-NOM-035-2025-2-e1738872875494.jpg 1283w\" sizes=\"(max-width: 1024px) 100vw, 1024px\" \/>\t\t\t\t\t\t\t\t\t\t\t\t\t\t\t<\/div>\n\t\t\t\t<\/div>\n\t\t\t\t\t<\/div>\n\t\t\t\t<\/div>\n\t\t<div class=\"elementor-element elementor-element-af3db96 e-flex e-con-boxed e-con e-parent\" data-id=\"af3db96\" data-element_type=\"container\" data-e-type=\"container\">\n\t\t\t\t\t<div class=\"e-con-inner\">\n\t\t\t\t<div class=\"elementor-element elementor-element-b36587f elementor-widget elementor-widget-spacer\" data-id=\"b36587f\" data-element_type=\"widget\" data-e-type=\"widget\" data-widget_type=\"spacer.default\">\n\t\t\t\t\t\t\t<div class=\"elementor-spacer\">\n\t\t\t<div class=\"elementor-spacer-inner\"><\/div>\n\t\t<\/div>\n\t\t\t\t\t\t<\/div>\n\t\t\t\t\t<\/div>\n\t\t\t\t<\/div>\n\t\t<div class=\"elementor-element elementor-element-a39d15f e-flex e-con-boxed e-con e-parent\" data-id=\"a39d15f\" data-element_type=\"container\" data-e-type=\"container\">\n\t\t\t\t\t<div class=\"e-con-inner\">\n\t\t\t\t<div class=\"elementor-element elementor-element-50119b8 elementor-widget elementor-widget-heading\" data-id=\"50119b8\" data-element_type=\"widget\" data-e-type=\"widget\" data-widget_type=\"heading.default\">\n\t\t\t\t\t<h2 class=\"elementor-heading-title elementor-size-default\">III. Etapa Entrega de resultados <\/h2>\t\t\t\t<\/div>\n\t\t\t\t\t<\/div>\n\t\t\t\t<\/div>\n\t\t<div class=\"elementor-element elementor-element-c84087a e-flex e-con-boxed e-con e-parent\" data-id=\"c84087a\" data-element_type=\"container\" data-e-type=\"container\">\n\t\t\t\t\t<div class=\"e-con-inner\">\n\t\t<div class=\"elementor-element elementor-element-e7054d3 e-con-full e-flex e-con e-child\" data-id=\"e7054d3\" data-element_type=\"container\" data-e-type=\"container\">\n\t\t\t\t<div class=\"elementor-element elementor-element-221e7c1 elementor-widget elementor-widget-image\" data-id=\"221e7c1\" data-element_type=\"widget\" data-e-type=\"widget\" data-widget_type=\"image.default\">\n\t\t\t\t\t\t\t\t\t\t\t\t\t\t\t<img loading=\"lazy\" decoding=\"async\" width=\"1024\" height=\"576\" src=\"https:\/\/soul-ha.com\/wp-content\/uploads\/2025\/02\/PROYECTO-INDIE-ROCKS-NOM-035-2025-3-1024x576.jpg\" class=\"attachment-large size-large wp-image-43533\" alt=\"\" srcset=\"https:\/\/soul-ha.com\/wp-content\/uploads\/2025\/02\/PROYECTO-INDIE-ROCKS-NOM-035-2025-3-1024x576.jpg 1024w, https:\/\/soul-ha.com\/wp-content\/uploads\/2025\/02\/PROYECTO-INDIE-ROCKS-NOM-035-2025-3-300x169.jpg 300w, https:\/\/soul-ha.com\/wp-content\/uploads\/2025\/02\/PROYECTO-INDIE-ROCKS-NOM-035-2025-3-768x432.jpg 768w, https:\/\/soul-ha.com\/wp-content\/uploads\/2025\/02\/PROYECTO-INDIE-ROCKS-NOM-035-2025-3-100x56.jpg 100w, https:\/\/soul-ha.com\/wp-content\/uploads\/2025\/02\/PROYECTO-INDIE-ROCKS-NOM-035-2025-3-1536x864.jpg 1536w, https:\/\/soul-ha.com\/wp-content\/uploads\/2025\/02\/PROYECTO-INDIE-ROCKS-NOM-035-2025-3-18x10.jpg 18w, https:\/\/soul-ha.com\/wp-content\/uploads\/2025\/02\/PROYECTO-INDIE-ROCKS-NOM-035-2025-3-700x394.jpg 700w, https:\/\/soul-ha.com\/wp-content\/uploads\/2025\/02\/PROYECTO-INDIE-ROCKS-NOM-035-2025-3-539x303.jpg 539w, https:\/\/soul-ha.com\/wp-content\/uploads\/2025\/02\/PROYECTO-INDIE-ROCKS-NOM-035-2025-3-600x338.jpg 600w, https:\/\/soul-ha.com\/wp-content\/uploads\/2025\/02\/PROYECTO-INDIE-ROCKS-NOM-035-2025-3.jpg 1920w\" sizes=\"(max-width: 1024px) 100vw, 1024px\" \/>\t\t\t\t\t\t\t\t\t\t\t\t\t\t\t<\/div>\n\t\t\t\t<\/div>\n\t\t<div class=\"elementor-element elementor-element-b9d4752 e-con-full e-flex e-con e-child\" data-id=\"b9d4752\" data-element_type=\"container\" data-e-type=\"container\">\n\t\t\t\t<div class=\"elementor-element elementor-element-0bf10d2 elementor-widget elementor-widget-text-editor\" data-id=\"0bf10d2\" data-element_type=\"widget\" data-e-type=\"widget\" data-widget_type=\"text-editor.default\">\n\t\t\t\t\t\t\t\t\t<p>\u00a0<\/p><p>\u00a0<\/p><p>\u00a0<\/p><ul><li><strong><span class=\"OYPEnA font-feature-liga-off font-feature-clig-off font-feature-calt-off text-decoration-none text-strikethrough-none\">Dashboard con resultados por \u00e1rea, identificaci\u00f3n de factores de riesgo.<\/span><\/strong><\/li><\/ul><p>\u00a0<\/p><ul><li><strong><span class=\"OYPEnA font-feature-liga-off font-feature-clig-off font-feature-calt-off text-decoration-none text-strikethrough-none\">Propuesta de intervenci\u00f3n para atender los factores de riesgo en los tres niveles (organizacional, grupal y personal)<\/span><\/strong><\/li><\/ul><p>\u00a0<\/p><ul><li><strong><span class=\"OYPEnA font-feature-liga-off font-feature-clig-off font-feature-calt-off text-decoration-none text-strikethrough-none\">Propuesta para el desarrollo de lideres.<\/span><\/strong><\/li><\/ul><p>\u00a0<\/p><ul><li><strong><span class=\"OYPEnA font-feature-liga-off font-feature-clig-off font-feature-calt-off text-decoration-none text-strikethrough-none\">Programa de canalizaci\u00f3n para personal en riesgo.<\/span><\/strong><\/li><\/ul>\t\t\t\t\t\t\t\t<\/div>\n\t\t\t\t<\/div>\n\t\t\t\t\t<\/div>\n\t\t\t\t<\/div>\n\t\t<div class=\"elementor-element elementor-element-c99bbf4 e-flex e-con-boxed e-con e-parent\" data-id=\"c99bbf4\" data-element_type=\"container\" data-e-type=\"container\">\n\t\t\t\t\t<div class=\"e-con-inner\">\n\t\t\t\t<div class=\"elementor-element elementor-element-355ca79 elementor-widget elementor-widget-spacer\" data-id=\"355ca79\" data-element_type=\"widget\" data-e-type=\"widget\" data-widget_type=\"spacer.default\">\n\t\t\t\t\t\t\t<div class=\"elementor-spacer\">\n\t\t\t<div class=\"elementor-spacer-inner\"><\/div>\n\t\t<\/div>\n\t\t\t\t\t\t<\/div>\n\t\t\t\t\t<\/div>\n\t\t\t\t<\/div>\n\t\t<div class=\"elementor-element elementor-element-a09d5d6 e-flex e-con-boxed e-con e-parent\" data-id=\"a09d5d6\" data-element_type=\"container\" data-e-type=\"container\">\n\t\t\t\t\t<div class=\"e-con-inner\">\n\t\t<div class=\"elementor-element elementor-element-e95ebe1 e-con-full e-flex e-con e-child\" data-id=\"e95ebe1\" data-element_type=\"container\" data-e-type=\"container\">\n\t\t\t\t<\/div>\n\t\t<div class=\"elementor-element elementor-element-90c81db e-con-full e-flex e-con e-child\" data-id=\"90c81db\" data-element_type=\"container\" data-e-type=\"container\">\n\t\t\t\t<div class=\"elementor-element elementor-element-ecceb4b elementor-headline--style-highlight elementor-widget elementor-widget-animated-headline\" data-id=\"ecceb4b\" data-element_type=\"widget\" data-e-type=\"widget\" data-settings=\"{&quot;highlighted_text&quot;:&quot;canalizados&quot;,&quot;headline_style&quot;:&quot;highlight&quot;,&quot;marker&quot;:&quot;circle&quot;,&quot;loop&quot;:&quot;yes&quot;,&quot;highlight_animation_duration&quot;:1200,&quot;highlight_iteration_delay&quot;:8000}\" data-widget_type=\"animated-headline.default\">\n\t\t\t\t\t\t\t<h3 class=\"elementor-headline\">\n\t\t\t\t\t<span class=\"elementor-headline-plain-text elementor-headline-text-wrapper\">los colaboradores identificados son<\/span>\n\t\t\t\t<span class=\"elementor-headline-dynamic-wrapper elementor-headline-text-wrapper\">\n\t\t\t\t\t<span class=\"elementor-headline-dynamic-text elementor-headline-text-active\">canalizados<\/span>\n\t\t\t\t<\/span>\n\t\t\t\t\t<span class=\"elementor-headline-plain-text elementor-headline-text-wrapper\">a atenci\u00f3n terap\u00e9utica<\/span>\n\t\t\t\t\t<\/h3>\n\t\t\t\t\t\t<\/div>\n\t\t\t\t<\/div>\n\t\t<div class=\"elementor-element elementor-element-24374eb e-con-full e-flex e-con e-child\" data-id=\"24374eb\" data-element_type=\"container\" data-e-type=\"container\">\n\t\t\t\t<\/div>\n\t\t\t\t\t<\/div>\n\t\t\t\t<\/div>\n\t\t\t\t<\/div>\n\t\t","protected":false},"excerpt":{"rendered":"<p>I. Etapa Comunicaci\u00f3n \u00a0 Campa\u00f1a de comunicaci\u00f3n pre y post aplicaci\u00f3n, con el acompa\u00f1amiento de un account manager. \u00a0 Sesi\u00f3n&#8230;<\/p>\n","protected":false},"author":1,"featured_media":43508,"parent":0,"menu_order":0,"comment_status":"closed","ping_status":"closed","template":"elementor_header_footer","meta":{"om_disable_all_campaigns":false,"_monsterinsights_skip_tracking":false,"_monsterinsights_sitenote_active":false,"_monsterinsights_sitenote_note":"","_monsterinsights_sitenote_category":0,"footnotes":""},"class_list":["post-43502","page","type-page","status-publish","has-post-thumbnail","hentry"],"aioseo_notices":[],"_links":{"self":[{"href":"https:\/\/soul-ha.com\/index.php\/wp-json\/wp\/v2\/pages\/43502","targetHints":{"allow":["GET"]}}],"collection":[{"href":"https:\/\/soul-ha.com\/index.php\/wp-json\/wp\/v2\/pages"}],"about":[{"href":"https:\/\/soul-ha.com\/index.php\/wp-json\/wp\/v2\/types\/page"}],"author":[{"embeddable":true,"href":"https:\/\/soul-ha.com\/index.php\/wp-json\/wp\/v2\/users\/1"}],"replies":[{"embeddable":true,"href":"https:\/\/soul-ha.com\/index.php\/wp-json\/wp\/v2\/comments?post=43502"}],"version-history":[{"count":37,"href":"https:\/\/soul-ha.com\/index.php\/wp-json\/wp\/v2\/pages\/43502\/revisions"}],"predecessor-version":[{"id":43551,"href":"https:\/\/soul-ha.com\/index.php\/wp-json\/wp\/v2\/pages\/43502\/revisions\/43551"}],"wp:featuredmedia":[{"embeddable":true,"href":"https:\/\/soul-ha.com\/index.php\/wp-json\/wp\/v2\/media\/43508"}],"wp:attachment":[{"href":"https:\/\/soul-ha.com\/index.php\/wp-json\/wp\/v2\/media?parent=43502"}],"curies":[{"name":"wp","href":"https:\/\/api.w.org\/{rel}","templated":true}]}}